tor of 1437220928?
True
Does 6 divide 8331117?
False
Is 5902611 even?
False
Is 425123310 a multiple of 13?
False
Is 15 a factor of 87796338?
False
Is 495894870 a multiple of 114?
True
Is 30209133 a multiple of 20?
False
Is 484657329 a multiple of 10?
False
Is 37 a factor of 315822528?
True
Does 3 divide 24707129?
False
Is 4494 a factor of 2243090183?
False
Does 38 divide 21497740?
True
Is 34 a factor of 85153782?
True
Does 53 divide 869470769?
False
Is 7 a factor of 17589901?
True
Is 1586 a factor of 782698930?
True
Does 529 divide 2994981326?
False
Is 112631825 a multiple of 281?
True
Is 1926217 a multiple of 39?
False
Is 1987 a factor of 263293396?
True
Is 33140142 a multiple of 254?
True
Is 16 a factor of 370212149?
False
Does 289 divide 47148616?
True
Is 345007418 a multiple of 238?
True
Does 8 divide 1324684250?
False
Does 513 divide 41635102?
False
Does 142 divide 10881132?
False
Is 125 a factor of 3395000?
True
Is 4 a factor of 54442536?
True
Is 123804110 a multiple of 2410?
True
Does 32 divide 3849939?
False
Is 297076712 a multiple of 4713?
False
Does 450 divide 8820640?
False
Does 16 divide 939872?
True
Is 42921120 a multiple of 88?
True
Is 109 a factor of 27478936?
False
Is 344342793 a multiple of 5447?
False
Is 65309380 a multiple of 20?
True
Does 5 divide 5287800?
True
Is 301 a factor of 28275338?
True
Is 851504005 a multiple of 737?
True
Does 31 divide 11332945?
False
Is 2883735 a multiple of 1563?
True
Does 7 divide 1033608312?
False
Is 43 a factor of 118278464?
False
Does 66 divide 12164196?
True
Is 587204880 a multiple of 2949?
True
Is 26 a factor of 70181388?
False
Is 67 a factor of 163984175?
True
Does 34 divide 24583023?
False
Is 17542863 a multiple of 805?
False
Is 577 a factor of 33742960?
True
Does 14 divide 600763142?
True
Does 17 divide 52621480?
False
Is 63124720 a multiple of 536?
True
Is 220 a factor of 264836856?
False
Does 45 divide 1049062?
False
Does 4333 divide 580899612?
False
Is 19017260 a multiple of 37?
True
Does 5 divide 40453885?
True
Is 4599110 a multiple of 1021?
False
Does 315 divide 146438145?
True
Is 53 a factor of 14172147?
True
Is 33 a factor of 282819735?
True
Does 52 divide 2472392?
True
Does 2101 divide 44436371?
False
Is 17 a factor of 175279681?
False
Is 684 a factor of 7755473?
False
Is 2 a factor of 63961245?
False
Does 189 divide 112691817?
True
Is 6 a factor of 2532971046?
True
Is 760 a factor of 150798440?
True
Does 212 divide 43767331?
False
Is 5207235325 a multiple of 16?
False
Is 9195 a factor of 2739438765?
True
Does 1488 divide 14445504?
True
Does 528 divide 1211391828?
False
Is 16 a factor of 109004272?
True
Is 2 a factor of 44499789?
False
Is 13 a factor of 88556780?
True
Does 29 divide 80805888?
False
Does 311 divide 20011702?
False
Is 54744557 a multiple of 246?
False
Does 83 divide 77621434?
True
Is 273 a factor of 515309646?
False
Is 123644871 a multiple of 579?
True
Is 1127 a factor of 464464875?
True
Is 1636 a factor of 946162604?
True
Is 24922922 a multiple of 72?
False
Does 60 divide 6617344?
False
Is 179 a factor of 107136584?
False
Does 337 divide 1558467744?
False
Does 276 divide 43575156?
True
Is 11 a factor of 17487635?
True
Is 20 a factor of 37897549?
False
Is 61 a factor of 557711959?
True
Is 693 a factor of 1158280200?
True
Does 368 divide 34406479?
False
Is 599320238 a multiple of 731?
False
Is 9998842 a multiple of 3598?
True
Is 804059860 a multiple of 9652?
True
Is 188944628 a multiple of 67?
False
Is 758 a factor of 2031291?
False
Is 206433728 a multiple of 16?
True
Is 14 a factor of 118670258?
True
Is 40 a factor of 126811000?
True
Is 1057 a factor of 5131114810?
False
Is 171 a factor of 93698253?
True
Is 9 a factor of 71047112?
False
Is 7628744 a multiple of 42?
False
Is 487777566 a multiple of 11?
False
Does 114 divide 12238131?
False
Is 28059395 a multiple of 35?
True
Does 987 divide 5210220?
False
Is 2766 a factor of 282026892?
True
Does 15 divide 24833280?
True
Is 141 a factor of 136827244?
False
Is 1621 a factor of 66815519?
False
Is 1647 a factor of 134248214?
False
Does 165 divide 22626002?
False
Is 72 a factor of 81874446?
False
Does 1035 divide 18149760?
True
Does 3969 divide 784004508?
True
Is 831 a factor of 12099960?
False
Is 1150 a factor of 104278550?
True
Does 185 divide 105356617?
False
Does 288 divide 60749210?
False
Does 573 divide 138265473?
True
Does 54 divide 220158?
True
Is 18722616 a multiple of 17?
False
Is 1369 a factor of 81010575?
True
Does 24 divide 318289992?
True
Is 235 a factor of 37568514?
False
Is 2902195163 a multiple of 691?
True
Is 384939059 a multiple of 3379?
True
Is 2837 a factor of 127557667?
False
Is 80 a factor of 1648511293?
False
Is 118809782 a multiple of 113?
True
Is 60 a factor of 25719677?
False
Is 19 a factor of 2124770?
True
Does 538 divide 74995931?
False
Is 6 a factor of 381485908?
False
Is 3 a factor of 66692353?
False
Is 53001838 a multiple of 3?
False
Does 9 divide 212932138?
False
Is 13 a factor of 185046290?
True
Does 344 divide 1249636696?
False
Is 22 a factor of 12742148?
False
Does 9 divide 1100283903?
True
Is 1438 a factor of 1091060930?
True
Does 2200 divide 303987200?
True
Is 315 a factor of 11386935?
True
Is 7 a factor of 2510697?
True
Does 234 divide 532584?
True
Is 21116713 a multiple of 36?
False
Is 2374115280 a multiple of 240?
True
Is 401 a factor of 23556745?
True
Is 14693597 a multiple of 553?
False
Is 382 a factor of 730250300?
True
Does 7 divide 133205438?
False
Is 7 a factor of 16205482?
False
Does 7 divide 4852520?
False
Does 449 divide 6971170?
False
Is 76 a factor of 140135412?
True
Is 1177900227 a multiple of 21?
True
Does 5 divide 65092950?
True
Is 599203524 a multiple of 298?
False
Does 66 divide 71189288?
False
Does 3486 divide 1733542482?
True
Does 272 divide 586396309?
False
Is 110311376 a multiple of 16?
True
Is 8723901 a multiple of 178?
False
Does 6 divide 46521655?
False
Is 4353281256 a multiple of 17?
True
Does 293 divide 65354834?
False
Does 104 divide 727883624?
True
Does 39 divide 214579872?
True
Is 254744128 a multiple of 890?
False
Does 17 divide 120450154?
False
Does 18 divide 34466489?
False
Is 23 a factor of 18434310?
False
Is 964 a factor of 85872156?
True
Does 797 divide 928147483?
False
Does 725 divide 439115825?
True
Is 5357933 a multiple of 2?
False
Does 42 divide 12791646?
True
Is 612 a factor of 75410028?
True
Is 205 a factor of 268078579?
False
Is 15 a factor of 286051305?
True
Is 40 a factor of 48330120?
True
Does 68 divide 646375336?
False
Does 10 divide 14257915?
False
Is 228051870 a multiple of 1041?
True
Does 4 divide 12672614?
False
Is 1205241020 a multiple of 10?
True
Is 10 a factor of 1058295950?
True
Is 1336 a factor of 2765332276?
False
Does 17 divide 289263153?
False
Does 11 divide 145735500?
False
Does 26 divide 73039434?
True
Is 977 a factor of 95588703?
True
Does 109 divide 20857477?
True
Does 23 divide 119826504?
True
Does 3558 divide 733091889?
False
Is 954 a factor of 2451304653?
False
Does 4954 divide 635870670?
True
Is 7 a factor of 63633?
False
Does 62 divide 17527462?
True
Is 51605355 a multiple of 435?
True
Is 63 a factor of 3881600?
False
Is 441199905 a multiple of 127?
True
Is 20468292 a multiple of 55?
False
Does 259 divide 1618491?
True
Is 377523 a multiple of 6?
False
Is 11939052 a multiple of 5?
False
Is 165 a factor of 33493515?
True
Is 18021926 a multiple of 598?
True
Does 9 divide 17255043?
True
Does 14 divide 3957604?
True
Does 189 divide 3058030773?
True
Is 555665 a multiple of 8?
False
Is 1511 a factor of 2266033101?
True
Is 15035628 a multiple of 44?
False
Is 5255 a factor of 670137731?
False
Is 31 a factor of 244806697?
False
Is 63035064 a multiple of 36?
True
Is 160 a factor of 603387520?
True
Is 224 a factor of 18544064?
True
Is 681099891 a multiple of 1900?
False
Is 142 a factor of 286954676?
False
Is 949443982 a multiple of 383?
False
Is 416 a factor of 368872192?
True
Is 613597979 a multiple of 71?
False
Is 179391324 a multiple of 12?
True
Is 46647641 a multiple of 47?
True
Is 168579510 a multiple of 3?
True
Is 11 a factor of 390416004?
True
Is 11440953 a multiple of 837?
True
Is 313 a factor of 97793094?
True
Is 76 a factor of 36948593?
False
Does 265 divide 1422078864?
False
Does 2429 divide 195104186?
False
Doe